(s) = m*a(s) - 2*u(s). What is w(0)?
0
Let i(y) = y**3 + 8*y**2 - 3*y - 10. Let f(l) = l**2 - 1. Let t(b) = -2*f(b) + i(b). Determine t(-6).
10
Let a(x) be the first derivative of -6 + 3/2*x**2 + 0*x. Calculate a(-1).
-3
Let b = 5 - 3. Suppose -15 = 5*q - 10*q - b*d, 0 = -3*q - 2*d + 13. Let z(o) = -3*o - 7*o**3 - 7*o + 1 - o**2 + 9*o. What is z(q)?
-8
Let j(t) = -804 - 801 - 8*t**2 - t**3 + 1609 + 8*t. What is j(-9)?
13
Let a(t) = -4 + 0 + 2*t + 5. Let p be ((2 - 8) + (-8 - -13))/1. Calculate a(p).
-1
Let h(p) be the second derivative of p**4/12 - 7*p**3/3 - 3*p**2/2 + 21*p + 2. Give h(15).
12
Let i(z) = -z + 7. Let k = 36 + -27. Suppose 3*l - k = 6. What is i(l)?
2
Let p(h) be the third derivative of -h**4/8 - 7*h**3/6 - 125*h**2. Determine p(-3).
2
Let r = 58 - 53. Let g(i) = -i + 25 + i**3 + r*i**2 - 6*i - 32. What is g(-6)?
-1
Suppose -s = 4*n - 1 + 4, -4*n = -4*s + 8. Let o(d) = 22*d**2 - 1. Calculate o(n).
21
Let z = -14 + 9. Let t(h) = -h**3 - 2*h**2 + h - 9. Let p(k) = 2 - 6 + 0 - k + k**2 + 3. Let j(r) = -2*p(r) + t(r). Calculate j(z).
3
Let p(v) be the second derivative of v**3/3 - 5*v**2/2 - 3*v. Let r be p(4). Let y(j) be the first derivative of -j**2 + 48. Give y(r).
-6
Suppose c + 0*c = -g + 1, 5*c = 5*g - 45. Let k(n) = 0 - 6 - 3*n + 5 + g*n. What is k(-2)?
-5
Let t(z) = z**3 - 2*z. Suppose -41*y - 18 = -44*y. Suppose y = -9*k + 12*k. Determine t(k).
4
Let t(i) = i**3 - 6*i**2 + 7*i - 6. Let g be t(5). Let z(m) = -4*m + g*m + 5*m - m. Let h(p) = -p**3 - 9*p**2 + 3. Let j be h(-9). What is z(j)?
12
Let q(v) = -2*v**3 + 3*v**2 + 2*v + 3. Let b(n) = -n**3 - 5*n**2 + 7*n + 8. Let u be b(-5). Let s = u - -33. Suppose 0 = 5*d - 3*d - s. Determine q(d).
-18
Let k(g) = g**3 + 6*g**2 + 4*g + 9. Let l(f) = 7*f + 324. Let d be l(-47). What is k(d)?
14
Let k(v) = v - 11. Let x(t) = -2*t + 56. Let d(g) = 6*k(g) + x(g). Give d(-11).
-54
Let b be (78/24 + -3)/((-2)/(-16)). Let g(z) = 5*z + 0*z - 8*z + b. What is g(-2)?
8
Let z(b) = -7*b**2 + 7*b - 46. Let k(v) = -4*v**2 + 2*v - 23. Let u(r) = -5*k(r) + 3*z(r). Calculate u(7).
5
Let u(d) = 27*d**3 - 360*d - 4*d**3 + 359*d - 2 + d**2. Calculate u(-1).
-23
Let d be (-5)/(3/6*-2). Let y(t) = t**3 - 5*t**2 - t - 1. Suppose 0 = -4*s - 6 + 10. Let q(h) = -h**2 + h. Let c(j) = s*q(j) - y(j). What is c(d)?
-14
Let h = 11 - 5. Let a(x) = -11*x + 15 - 50 - 10*x + 25*x + 26. Calculate a(h).
15
Let c(g) = g**2 - g - 1. Let p be (-2 + 3)*(0 + 14). Let y be (6/p)/((-14)/(-98)). Determine c(y).
5
Let r(n) be the first derivative of 9*n**2/2 + 12. Let x(a) be the second derivative of -a**5/20 - a**4/3 - a**3/3 + a**2 + a. Let p be x(-3). What is r(p)?
-9
Let m(h) = h**3 - 6*h**2 + h + 1. Suppose 2*l = -2*v - 12, 10 = -5*l - 4*v - 16. Let b be -3 + 2 - 14/l. What is m(b)?
7
Let l be -2 + 2 - (-5)/15*3. Suppose -4*y + 6 = -5*o + l, 0 = -3*o + y - 3. Let p(n) = 6*n + 14. Let j(d) = -d - 3. Let f(w) = 14*j(w) + 3*p(w). Give f(o).
-4
Let s = -8 - -12. Suppose i - s*i = -6. Let j(y) = 40*y + 13. Let h(w) = 47*w + 16. Let g(r) = 5*h(r) - 6*j(r). What is g(i)?
-8
Let r(t) = t**3 - t**2 + 3*t + 3. Let x be 2 + 4*((-7)/2 + 4). Let b(q) = q**2. Let j(n) = x*b(n) + r(n). What is j(-2)?
1
Let k(p) = -4*p - 4. Suppose -15*j - 88 = -58. Calculate k(j).
4
Suppose -45 = 5*y - 5*w, y + 10 = 4*w + 1. Let b(p) = 3*p + 29. Calculate b(y).
2
Let r = -2 - -3. Let s be r - -1 - (2 - 2). Let o(w) = -s + 6*w**2 + 1 - 13*w**2. Calculate o(-1).
-8
Let m = 743 - 741. Let v(r) = -5*r + 3. Determine v(m).
-7
Let a(c) = -2*c + 16. Let u be a(7). Suppose -t = u*t - 9. Let f(w) = w**3 - 3*w**2 + w - 2. Determine f(t).
1
Let g be (-20)/170 + (-147)/51. Let x(n) = n**3 + 3*n**2 + n - 5. Let f(z) = 2*z**3 + 5*z**2 + z - 11. Let t(m) = -2*f(m) + 5*x(m). What is t(g)?
6
Let a(b) = 29 + b - 6*b - 49 - 7. Determine a(-8).
13
Let w(l) be the second derivative of -l**5/20 - l**4/3 + l**3/2 + 6*l**2 - 77*l. Give w(-4).
0
Let l = -3 - 0. Let r(f) be the first derivative of -f**3 - 2*f**2 - 1800. Give r(l).
-15
Let r(j) = 8*j**3 + 4*j**2 + 3*j - 9. Let v(k) = 7*k**3 + 4*k**2 + 2*k - 8. Let l(b) = 6*r(b) - 7*v(b). Calculate l(-5).
7
Suppose -22 - 2 = -4*p. Let f(v) = v**3 - 6*v**2 - 3*v - 6. Determine f(p).
-24
Let v be (-6)/(-4)*(-8)/6. Let a(d) = -2*d**3 + d**2 - d + 2. Calculate a(v).
24
Let k(o) be the first derivative of -2*o**3/3 + 2*o**2 - 4*o + 3. Let x(z) = -z**2 - 3*z + 8. Let g be x(-6). Let t = -7 - g. What is k(t)?
-10
Let m(k) = 11*k - 7. Let r(q) = 9*q - 6. Let l(d) = 4*m(d) - 5*r(d). What is l(-5)?
7
Let v be (5 - (-16)/(-4))*-3. Let o be 4/v*7/((-42)/(-36)). Let h(w) = -3*w - 6. Determine h(o).
18
Let y(t) = 3 + t - 3. Let c = -336 - -330. Determine y(c).
-6
Suppose 1 - 14 = -5*r - 4*k, -r - 7 = 4*k. Suppose -r*y - 13 = 2*x, 5*x + 4*y = -0*y + 10. Let i(l) = l. Give i(x).
6
Let m(w) = w**2 + 6 + 26*w + 0*w**2 - 27*w. Suppose -3*b + 4*b = -b. Determine m(b).
6
Let o(z) = z**2 + 6*z - 1. Let a = -74 + 68. Give o(a).
-1
Let j = -6 + 10. Suppose j*t - 6 = 18. Let i(r) = -3 - 3*r**2 + 6*r**3 + r**3 - t*r**3 - r. Give i(4).
9
Let o(d) = -d**2 - 6*d - 7. Let j(z) = -z**3 - 3*z**2 + 14*z + 17. Let v be j(-5). What is o(v)?
2
Let f(v) be the second derivative of v**4/12 - 5*v**3/3 + 3*v**2 + v. Let r(x) = x**3 - 12*x**2 - 10*x - 30. Let h be r(13). What is f(h)?
-3
Let r(o) = -o**3 - o**2 + o - 7. Let x(n) = -n**3 - 5*n**2 + 3*n + 15. Let i(z) = -2*z**2 - 24*z + 21. Let d be i(-13). Let a be x(d). Calculate r(a).
-7
Let x(b) = -3*b + 2. Let l(p) = -5 + 689*p - 688*p + 5. Let o(g) = -2*l(g) - x(g). What is o(-3)?
-5
Let i be (13/39)/((-1)/(-6)). Let s(d) = -7*d**2 - d**i + 6*d + 4*d + 9*d**2. Determine s(-9).
-9
Let h = 8 - 3. Suppose -h*f + f = 0. Let d(k) be the third derivative of -k**4/24 - 4*k**3/3 - k**2. Determine d(f).
-8
Let a(m) be the third derivative of -m**5/60 + 5*m**4/24 + 11*m**3/6 - 95*m**2. Calculate a(6).
5
Let u(l) = -l**2 - 9*l - 9. Suppose -5*i = -0*i - 10. Let t be 1*(-1 + (i - 1)). Suppose 4*d + t*d = -28. Give u(d).
5
Let m(d) = d**3. Let j(b) = b + 8. Suppose -5 = 7*f + 58. Let l be j(f). Calculate m(l).
-1
Suppose -4*z = 4*f - 20, -2*f + 16 = f + 4*z. Suppose -f*c = -18 + 2. Suppose -c = 2*j - 0. Let d(s) = 4*s**2 + 2*s - 1. Give d(j).
11
Let y(x) be the second derivative of x**4/12 - x**3/2 - x**2 - x. Suppose 0 = 2*p - 4*p + 88. Let q = p - 42. Calculate y(q).
-4
Let m(w) = -4*w**3 - 39*w**2 + 11*w + 14. Let b be m(-10). Let y(n) = -n + 4. Let p(x) = 2*x - 5. Let o(v) = 4*p(v) + 5*y(v). Give o(b).
12
Let v(y) = y**3 - 7*y**2 + 12*y + 2. Let a(n) = 2*n**3 + 9*n**2 - 22*n - 19. Let u be a(-6). Determine v(u).
12
Let f(z) = 3 + 7 - 10*z**2 + 4*z - 2 - 2. Let g(b) = 7*b**2 - 3*b - 4. Let r(h) = -5*f(h) - 7*g(h). Let p(k) = k**2 - k - 2. Let t be p(2). What is r(t)?
-2
Let d(h) = h**3 + h**2 + 2*h + 1. Let f(k) = 4*k**3 + 13*k**2 - 6*k - 11. Let u(w) = 3*d(w) - f(w). Determine u(-11).
3
Suppose 4*p - 5*b - 1 = 4, -5*p - b = 1. Let u(y) = 83*y + 28. Let q(i) = 290*i + 87. Let s(c) = -2*q(c) + 7*u(c). What is s(p)?
22
Let u(t) be the third derivative of t**5/60 + t**4/8 + t**3/6 - 34*t**2. What is u(-3)?
1
Let l(p) be the second derivative of -p**3/6 - 8*p**2 - p. Let j be (119/(-14))/17 + 1/2. Calculate l(j).
-16
Let t(u) be the first derivative of 4*u**3 - 61. Calculate t(1).
12
Suppose 0 = 10*n - 13*n + 30. Let k(t) = -5*t - n*t**2 - t**3 + 5 + 5*t**2 - 3 + 0. What is k(-4)?
6
Suppose -13*i - 44*i = 171. Let b(m) = -3 - 2*m**2 - 4*m + m**2 + 0*m + 3*m. Determine b(i).
-9
Let u(r) = -4*r**3 + r**2 - r - 1. Let b = -14 + 13. Let a be 6 + -6 + (-1*2 - b). Give u(a).
5
Let v(x) = x**3 - 6*x**2 + 2*x - 3. Suppose 0*n + 35 = 3*n - 5*f, -n = -3*f - 17. Calculate v(n).
-18
Suppose 298*j + 16 = 294*j. Let k(b) be the third derivative of -b**4/6 + b**3/3 - 2*b**2. Calculate k(j).
18
Let l = -6 - -9. Let a be ((-6)/10*2)/(28/(-70)). Let q(t) = -8*t - 67 + a*t + 4*t + 63. Give q(l).
-7
Let v(z) = -2*z**2 - 2*z + 1. Let w be 4/10 - (-252)/45. Suppose 0 = 3*g - w*g + 15. Suppose -5 = 5*b + g. What is v(b)?
-3
Let s(v) be the second derivative of -v**5/20 - 7*v**4/12 + 3*v**2 + 2*v - 2. Calculate s(-7).
6
Suppose 5*v - 2*r = 27, 3*v - 3*r = 9 + 9. Let z(m) = m**3 - 4*m**2 - 7*m + 6. Calculate z(v).
-4
Let y(p) be the third derivative